-14) - 5211/(-21). What is the greatest common factor of c and z?
31
Suppose -2*m - 7 = -1, 0 = 4*w + 3*m - 295. What is the greatest common factor of 1007 and w?
19
Suppose 4*s - 2 = -5*c + 2, 5*s + 20 = 0. Let i(u) = 3*u**3 - 2*u**2 + 1. Let p be i(2). Let a = p + c. What is the highest common factor of a and 7?
7
Let j = 1 - -139. Suppose -5*v - 5*d = -2*d - 146, 5*d - 10 = 0. What is the greatest common divisor of j and v?
28
Let p(m) = -m**3 - 6*m**2 - m + 8. Let d be p(-6). Let a be -5*(-132)/30 + 4/(-1). Suppose -32 = -2*r - a. What is the highest common factor of r and d?
7
Let c(g) = 354*g**2 + 4*g + 5. Let s be c(-2). What is the highest common divisor of 9 and s?
9
Let j(u) = -2*u + 6. Let g be j(-5). Let s be 144/(-168) + (-460)/(-14). What is the highest common factor of s and g?
16
Let r(t) = -2*t - 7. Let l(y) = y**2 - 7*y - 8. Let w be l(7). Let g be r(w). Let z = 124 + -115. Calculate the greatest common divisor of z and g.
9
Let d(t) = 5*t**3 + t**2 - 2*t + 15. Let j be d(4). What is the greatest common divisor of j and 21?
7
Suppose 20*n - 12 = 18*n. Suppose 5*l = n + 4. Calculate the greatest common divisor of l and 22.
2
Let b = 62 - 32. Let p(o) = 3*o + 60. Let f be p(-18). Calculate the greatest common factor of b and f.
6
Suppose 0 = -8*v + 172 - 4. What is the highest common divisor of 14 and v?
7
Let w(m) = -m + 120. Let n be w(-27). Calculate the greatest common factor of 63 and n.
21
Let o = 5 + -3. Suppose -4*i + 60 = 5*f, -5*i - o + 36 = -4*f. Let a = i - 3. What is the highest common factor of 28 and a?
7
Let g be 10 + (-18)/2 + 8. What is the greatest common factor of g and 1?
1
Suppose 22*k = 23*k. Suppose k = -8*r + 190 + 66. What is the highest common factor of 80 and r?
16
Suppose -5*k + 3*x = -253, -8*k + 6*k + 96 = 4*x. What is the highest common divisor of k and 100?
50
Suppose t - 2*t = -24. Let u(l) be the second derivative of l**5/20 + 11*l**4/12 + 3*l**2 + 9*l. Let o be u(-11). What is the highest common divisor of t and o?
6
Let o = -543 - -652. Calculate the greatest common divisor of o and 1.
1
Suppose r = 2*p - r - 20, -3*p + 33 = -2*r. Suppose p*k - 141 - 197 = 0. Calculate the highest common divisor of k and 78.
26
Suppose 3*s + 2 = -0*r - 4*r, -2*s - 4 = 4*r. Let c(i) = 6*i**s - 4 - 5*i**2 + 0*i**2 + 3*i. Let w be c(-6). Calculate the highest common factor of w and 35.
7
Let u = 128 + -72. Calculate the highest common divisor of u and 8.
8
Let i(p) = -141 - p**2 + 277 - 132 + 15*p. Let d be (-260)/(-22) - (-6)/33. Let x be i(d). What is the greatest common divisor of 10 and x?
10
Suppose -3*j + 4 = 2*i - 16, 0 = 4*j - 4*i - 40. Let h = -3 - 0. Let y be 51/(-9)*h + -1. What is the highest common divisor of y and j?
8
Let k(j) = -55*j - 5. Suppose -2*v + 2*y = 8, 4*v - 5*y + 18 = -0*v. Let a be k(v). Calculate the greatest common factor of a and 35.
35
Let b be 11/(-44) + 148/16. Suppose -5*p - 2*o + 51 - 6 = 0, 0 = p + 2*o - 9. What is the highest common divisor of b and p?
9
Suppose 202*g + 7 = 209*g. Calculate the greatest common divisor of 89 and g.
1
Let w(n) = 62*n + 2. Let x be w(1). Let s = 79 - 63. Calculate the greatest common factor of x and s.
16
Let p = -32 - -56. Suppose -388 = 3*c - 970. Let x be c/8 + (-2)/8. What is the greatest common factor of p and x?
24
Let h be (-1)/10 + (-1173)/(-30). What is the greatest common divisor of 52 and h?
13
Let s(n) = 2*n**3 + n**2 + 2*n + 6. Let t be s(-2). Let a be ((1100/3)/t)/(2/(-6)). Calculate the greatest common divisor of 20 and a.
10
Let w = 318 - 284. Calculate the greatest common divisor of w and 2040.
34
Let h(y) = -y**2 - 8*y + 37. Let w be h(-9). What is the greatest common divisor of w and 196?
28
Let d = 75 + -54. Let b = d + -9. Suppose -b = -4*c + 8. Calculate the greatest common factor of 30 and c.
5
Suppose -42*i + 4902 = 72*i. Suppose 2*p = -5*r - 2*p + 219, r = 3*p + 40. Calculate the greatest common divisor of r and i.
43
Let a(d) = 2*d - 1. Let q(z) = -5*z - 44. Let m(i) = -6*a(i) - q(i). Let x be m(5). Let c = -20 + 35. Calculate the highest common factor of x and c.
15
Suppose 5*w - 709 = 29*o - 30*o, -4*w + 1412 = 2*o. What is the highest common factor of o and 44?
44
Let h(k) = -23*k**3 + 2*k**2 + k. Let j be h(-1). Let r = j + 0. Suppose 5*w + 175 = 3*g, 3*g - 2*w - 113 = 65. Calculate the greatest common factor of r and g.
12
Let j = -652 - -1068. Suppose 5*k - k = j. Calculate the greatest common factor of k and 260.
52
Let l(w) = -4*w + 28. Let z be l(12). Let r = z - -28. What is the highest common factor of 24 and r?
8
Let w = 62 - 42. Suppose -3*j + 0*q + 54 = 2*q, -2*q = j - 14. Calculate the highest common divisor of w and j.
20
Let t = -46 + 102. Calculate the highest common divisor of t and 49.
7
Let c be (1 - 0) + 84 + 56/8. What is the greatest common divisor of 92 and c?
92
Let m be 27/18 - (-178)/(-4). Let f = m - -49. What is the highest common factor of f and 18?
6
Let s = 342 - -292. Suppose 0 = 3*u - 6, 2*w = -u + 5*u - 246. Let j be s/14 - (-34)/w. Calculate the greatest common factor of 5 and j.
5
Let s(b) = 0*b + 5 + 4*b + 4*b - 3*b. Let r be s(5). Let u(o) = o**3 - 11*o**2 + 2*o - 16. Let g be u(11). Calculate the highest common factor of r and g.
6
Let j(v) = 9*v + 1. Let o(q) = -9*q. Let n(h) = 4*j(h) + 3*o(h). Let m be n(4). Calculate the greatest common factor of 120 and m.
40
Let n = -41 + 40. Let c be (-2 - -1)*n + 11. Suppose 4*b - b = 18. Calculate the highest common divisor of c and b.
6
Let g(y) = 14*y**2 + 2*y - 1. Let w be g(1). Let x = 1 + 3. Suppose a = 2*t - 26, -5*a + 0*a = -x*t + 40. Calculate the highest common factor of t and w.
15
Suppose -i - 2 - 13 = 0. Let r be 2/((-1)/(i/(-2))). Let w be 2/4 + r/(-2). What is the highest common divisor of 88 and w?
8
Let z(x) = -x**2 - 5*x + 17. Let h(o) = -o**2 + 9*o - 15. Let m be h(8). Let t be z(m). Calculate the greatest common factor of 1 and t.
1
Let r be 68*((-234)/(-12))/13. Calculate the greatest common factor of 12 and r.
6
Let b = -38 + 69. Suppose -3*t + 1 + 8 = 0, -b = -j - 3*t. Calculate the greatest common factor of 11 and j.
11
Suppose -210 + 4705 = 31*s. Calculate the highest common divisor of 87 and s.
29
Suppose -5*c = -7 + 117. Let g be c/(-14) + (-15)/(-35). What is the greatest common factor of g and 18?
2
Let n be (-2288)/(-24) + 2/(-6). Let b = n + -46. Calculate the greatest common factor of b and 294.
49
Suppose -4*t - 5*o + 980 = 0, 4*t - 3*o - 525 = 487. What is the highest common factor of t and 20?
10
Let r = 228 - 129. What is the greatest common factor of 132 and r?
33
Let a = -72 + 112. Suppose 0 = 4*p + 5*s - 35, -s - 4 = 3*s. Calculate the highest common divisor of a and p.
10
Let x = 12 - 0. Suppose 5*m - 10 = 0, 5*m = -7*k + 5*k + 26. Let z be ((-32)/6 - 0)*(-36)/k. Calculate the highest common divisor of x and z.
12
Let f = -256 - -304. Calculate the greatest common factor of 168 and f.
24
Let b = 25 - 29. Let y be (-970)/(-5) + 1 - b. Suppose 3*g + 10 = y. What is the highest common factor of g and 9?
9
Let c be 33/2 + 4/(-8). Let b = 21 + -19. Suppose -120 = -l - b*l. What is the highest common divisor of l and c?
8
Suppose -58 = -5*l - q, l + 3*q - 5 = 15. Suppose 0 = -f + 4*j + 11, 2*f + 11 = 3*f - 2*j. What is the greatest common divisor of l and f?
11
Suppose -4*l + 52 - 11 = -5*z, -5*z = 5*l - 40. Suppose 5*x = 3*x + 64. Let m = x - 31. Calculate the highest common factor of m and l.
1
Suppose 5*x - 31 = 4. Let j = -7 - x. Let k = j + 19. What is the highest common divisor of 25 and k?
5
Let z(o) = 8*o - 10. Suppose l - 3*l = -6. Let n be z(l). What is the highest common factor of n and 70?
14
Suppose 0*x - 3*x = -12. Suppose 0 = 2*l, d + x = 4*l + 12. Let r be 61 + 5/(-10)*-6. Calculate the greatest common factor of d and r.
8
Let o be (0 - 0/(-6))/2. Let t(b) = b**3 - b**2 - b + 10. Let h be t(o). Calculate the highest common divisor of 300 and h.
10
Let f(d) be the first derivative of d**3 - 5*d**2 + 6*d - 13. Let g be f(4). What is the greatest common factor of g and 7?
7
Let v(l) = -l + 31. Let p be v(14). Suppose -2*m = -79 + p. Calculate the highest common factor of m and 93.
31
Let b be (-3)/(3 - (-44)/(-14)). Suppose 4*j = g - 7, -2*g + 5*g + j - b = 0. Suppose -4*z + 59 = -53. W